1010022 + 2?
1022021010101
In base 12, what is -172792 - 1?
-172793
In base 5, what is 2414204 - -3?
2414212
In base 10, what is -29438 + -5?
-29443
In base 5, what is 1 - 42230101?
-42230100
In base 10, what is 9855 - 28?
9827
In base 9, what is 35237 - 33?
35204
In base 14, what is 1cb - 20?
1ab
In base 7, what is -3332 + -2?
-3334
In base 13, what is 14 - -4073?
4087
In base 2, what is 11000111010 + -11100?
11000011110
In base 11, what is -98995 + -11?
-989a6
In base 15, what is -151de - -2?
-151dc
In base 10, what is 25740 - 6?
25734
In base 3, what is 1101201202 + 12?
1101201221
In base 11, what is 32963 - 4?
3295a
In base 12, what is -a97 - -20a?
-889
In base 15, what is 173a - -1b?
1756
In base 9, what is 4805 + -78?
4716
In base 6, what is -25 - -4025522?
4025453
In base 16, what is -3 + 1bbe?
1bbb
In base 8, what is 2472 - 44?
2426
In base 7, what is 10 - -6464?
6504
In base 2, what is -1000100 - -1000000111000?
111111110100
In base 9, what is 47 - -57062?
57120
In base 15, what is -146a8 - 3?
-146ab
In base 9, what is -37 - 2254?
-2302
In base 2, what is 11011010011100 - -101?
11011010100001
In base 4, what is 1310 + 223102?
231012
In base 3, what is 110 - 1011201?
-1011021
In base 12, what is -2917 - 6?
-2921
In base 15, what is -92ae + -23?
-92d2
In base 3, what is 2112100 + 1112?
2120212
In base 12, what is -856 - -1344?
6aa
In base 6, what is 1445411 + 5?
1445420
In base 9, what is 12 + -37226?
-37214
In base 7, what is 235 + -15555?
-15320
In base 7, what is -44525 - 56?
-44614
In base 5, what is 3120100 - -3?
3120103
In base 4, what is 102200022 + 11?
102200033
In base 8, what is -12 - -15002?
14770
In base 6, what is -1 - -45314413?
45314412
In base 5, what is 211 - 30003?
-24242
In base 9, what is -6653 - 128?
-6782
In base 16, what is 7d + -1558?
-14db
In base 15, what is -1c8 - -340?
167
In base 2, what is -1000100010110 + 100010?
-1000011110100
In base 11, what is -23 - 3395?
-3408
In base 13, what is -552b + 3a?
-54c1
In base 8, what is -17 + -504?
-523
In base 4, what is -32 - -131023101?
131023003
In base 5, what is 0 + -4123023?
-4123023
In base 14, what is -9c3 - -8?
-9b9
In base 4, what is 1110201 + 3?
1110210
In base 2, what is -11000111011010 - 10101011?
-11001010000101
In base 3, what is -22 + -20200010?
-20200102
In base 15, what is -61 - 1c31?
-1c92
In base 12, what is -1502b2b - -3?
-1502b28
In base 16, what is -4fda - -1?
-4fd9
In base 12, what is 29 + -2704?
-2697
In base 5, what is 12410 + -102?
12303
In base 9, what is -2673 - -1257?
-1415
In base 10, what is 2 - -166936?
166938
In base 9, what is -6888 + 24?
-6864
In base 2, what is -11010001100 + -10001000?
-11100010100
In base 9, what is -52275 - -5?
-52270
In base 15, what is -1dede + -4?
-1dee3
In base 2, what is -101 - 101010101101001001?
-101010101101001110
In base 2, what is 10010100100001101 + 1?
10010100100001110
In base 11, what is 126714 + -3?
126711
In base 10, what is -176 + -17737?
-17913
In base 5, what is -1 + -2011142?
-2011143
In base 12, what is bb8843 - -2?
bb8845
In base 9, what is 10536 - -365?
11012
In base 3, what is -101 + -220102122?
-220110000
In base 4, what is -11120312 - -11?
-11120301
In base 6, what is 25142051 - -10?
25142101
In base 4, what is 323 + 1212?
2201
In base 8, what is 603 + 4410?
5213
In base 9, what is -6016 + 17?
-5888
In base 16, what is -5 - 23b6?
-23bb
In base 15, what is 3d - -5c78?
5cb6
In base 7, what is -12 - 4414515?
-4414530
In base 11, what is 28043 - 4?
2803a
In base 4, what is 2203320210 + -11?
2203320133
In base 5, what is -3143 + -3440?
-12133
In base 6, what is -34144 - 4?
-34152
In base 9, what is -828 - 176?
-1115
In base 11, what is 0 + -3118?
-3118
In base 11, what is 3 - -2344?
2347
In base 8, what is 2330 + 1115?
3445
In base 4, what is -2120 - 2131?
-10311
In base 4, what is -2133331301 - 11?
-2133331312
In base 5, what is -43 - 133000?
-133043
In base 7, what is 2241 + 423?
2664
In base 3, what is 22010011222 - -12?
22010012011
In base 6, what is 1123 - 130?
553
In base 13, what is 2 + -1cc27?
-1cc25
In base 16, what is 5 - -8608?
860d
In base 5, what is -2113303413 + -2?
-2113303420
In base 15, what is -7a4 - 12?
-7b6
In base 8, what is -2034 + -1605?
-3641
In base 14, what is -1 - 8ac5?
-8ac6
In base 9, what is 16 + -14485?
-14468
In base 5, what is -10 + -1110343?
-1110403
In base 15, what is 28 + -6ce9?
-6cc1
In base 6, what is -411 + -4454?
-5305
In base 7, what is -5101 + -140?
-5241
In base 2, what is 1001001100110 - -1?
1001001100111
In base 6, what is -22320 - 151?
-22511
In base 6, what is -402 + -10504?
-11310
In base 16, what is -45 + -2f?
-74
In base 9, what is 1 - 1848223?
-1848222
In base 2, what is 11 - 11100001001010?
-11100001000111
In base 4, what is 13 - -11300?
11313
In base 9, what is -3544700 + -1?
-3544701
In base 14, what is 35a + 22?
37c
In base 12, what is -163256 + -2?
-163258
In base 2, what is -1110000101 + -100100001110?
-110010010011
In base 5, what is -110030 - -2423?
-102102
In base 12, what is 55a9 + -a?
559b
In base 4, what is -311023 - -10?
-311013
In base 10, what is 29205 + 12?
29217
In base 6, what is 2 - -22123551?
22123553
In base 8, what is -7 - 12724?
-12733
In base 11, what is a1 + 71?
162
In base 11, what is 1a87 + -108?
197a
In base 10, what is -63766 + 6?
-63760
In base 13, what is 49c + -1c8?
2a4
In base 6, what is 1 + -211205?
-211204
In base 16, what is -90b - be?
-9c9
In base 4, what is 3 - 23320023?
-23320020
In base 16, what is -14da - c?
-14e6
In base 11, what is -14402a + 4?
-144026
In base 11, what is 2 + -2117?
-2115
In base 4, what is 1133011 - -13113?
1212130
In base 15, what is 2 - b3a2?
-b3a0
In base 7, what is -106231 - -21?
-106210
In base 5, what is 4222423 + -101?
4222322
In base 11, what is 872 - -a?
881
In base 13, what is -52 - 473?
-4c5
In base 8, what is 601 - -131?
732
In base 16, what is -de2 + 2?
-de0
In base 3, what is 110011 - 1020101?
-210020
In base 14, what is 3 + 395195?
395198
In base 12, what is 425454 + -4?
425450
In base 10, what is 104936 + -1?
104935
In base 11, what is 0 + -109587?
-109587
In base 10, what is 7 - 135538?
-135531
In base 2, what is 10100110011100000 + 11001?
10100110011111001
In base 3, what is -12101210221 - 11?
-12101211002
In base 5, what is -12 + -1444040?
-1444102
In base 13, what is b64 - -b4a?
19b1
In base 13, what is -3261 - 0?
-3261
In base 7, what is 42 + 4351?
4423
In base 9, what is 40 + -14652?
-14612
In base 10, what is 7 - 360365?
-360358
In base 14, what is 8420 - -cd?
850d
In base 5, what is -4304213 + -31?
-4304244
In base 9, what is -3 + 158868?
158865
In base 3, what is -1121020112 + 1?
-1121020111
In base 10, what is 4 + 6324?
6328
In base 16, what is -5 - 31bf9?
-31bfe
In base 12, what is -3 + 9056?
9053
In base 12, what is -436aa7 - 1?
-436aa8
In base 3, what is -10 - 12012221200?
-12012221210
In base 15, what is 8a2 - -79?
92b
In base 16, what is -30e - 4b?
-359
In base 5, what is 44301 + 412?
100213
In base 5, what is 2132332334 - -10?
2132332344
In base 3, what is -11212 + 211120?
122201
In base 11, what is 185 - -1513?
1698
In base 14, what is -5d92 - -5?
-5d8b
In base 2, what is 100111100100101001 + 10000?
100111100100111001
In base 4, what is -312333 + 31?
-312302
In base 16, what is -31dc - -2c?
-31b0
In base 5, what is 40 - 3421?
-3331
In base 8, what is -3112277 + 4?
-3112273
In base 6, what is 1243 - 4001?
-2314
In base 10, what is 58 + -697?
-639
In base 2, what is -1000001010011000010 - -110?
-1000001010010111100
In base 7, what is -1 + -3625522?
-3625523
In base 14, what is 5 - -137558?
13755d
In base 12, what is -5 + b1618?
b1613
In base 10, what is 7 + 86461?
86468
In base 15, what is -1 + 4c06?
4c05
In base 16, what is -8371 - 3?
-8374
In base 10, what is 28 - -11057?
11085
In base 16, what is -f7 + 1b48?
1a51
In base 14, what is -2 + 34bca?
34bc8
In base 11, what is 2380 - -5?
2385
In base 8, what is -7455 - 5202?
-14657
In base 12, what is -b - -1529?
151a
In base 9, what is -5 + 33058?
33053
In base 16, what is 5dcb78 - 0?
5dcb78
In base 11, what is -150 - 89?
-229
In base 12, what is -444ba + -4?
-44502
In base 12, what is 32a0 - -6?
32a6
In base 14, what is 13db + a8?
14a5
In base 6, what is 1153052 + -13?
1153035
In base 11, what is -190